. Let v(h) = 32*h + 13 - 315*h + x - 1174*h. Is v(-2) composite?
False
Let c(v) = -1280*v**3 - v**2 - v + 5. Is c(-3) a prime number?
False
Let n be -246*(-4)/(-3)*(-747)/(-6). Let w = 97873 + n. Is w prime?
True
Let n be (170541/18 + 8)*(8 + -2). Suppose 304*l + n = 307*l. Is l a composite number?
True
Suppose -4*k + 56 = 4*a, -k - a + 23 = k. Let x(m) = 3*m**3 - m**2 + 4*m + 19. Is x(k) composite?
False
Suppose 20*c - 15*c = 150805. Is c prime?
True
Let b = 241619 - 35828. Is b prime?
False
Let y(g) be the second derivative of 4*g**3/3 + 5*g**2/2 - 2*g. Let f be ((-2)/12)/(25/(-900)). Is y(f) a prime number?
True
Let k = -759827 + 1179696. Is k prime?
False
Let o = 3128078 + -1177815. Is o prime?
False
Let u be (-3 - 7)*52*3. Let a = u + 2282. Suppose 5*o = a + 2063. Is o a prime number?
True
Suppose 0 = -2*s + 16 - 8. Let l be 11/s + 2/8 + 0. Is (5/(-2 - l))/(2/(-194)) prime?
True
Suppose -76*r + 410 = -74*r. Let x = -120 + r. Is x composite?
True
Let k = -304525 - -573620. Is k a prime number?
False
Let a be -5 - (2/3)/(4/(-54)). Suppose -i + 35688 = 4*q, 5*q + 3*i = a*i + 44601. Is q a composite number?
True
Let z be 39*5/10 - 2/4. Is (z/2 - 8)*(-13196)/(-6) composite?
False
Suppose 6*a - a = 250. Is (6898/4)/(25/a) - -4 a prime number?
False
Let r = 13725 + 58294. Is r composite?
False
Suppose -25*s - 83232 = -16*s. Let w = s - -13297. Is w a composite number?
False
Let g be (-26)/52 + 99/2. Let b be 1*3 + (-49)/(g/7). Is ((-7)/b)/((-1)/(-764)) a composite number?
True
Let s = 344 + -338. Is (-3*s/54)/(1/(-1581)) composite?
True
Suppose -117*k + 8*k = -2638781. Is k prime?
False
Let q be 2 + 10 + 2 + -4. Suppose q*z - 13*z = 6195. Let h = -1451 - z. Is h prime?
False
Is (12788 - (-6 + -6)) + -6 + -1 a prime number?
False
Let n be (-36633)/9 - (4 + 30/(-9)). Let d = -1480 - n. Is d a prime number?
True
Suppose -20552 = 1104*c - 1097*c. Suppose -f - 5377 = -4*g, -3*f - 8778 - 7323 = -2*g. Let k = c - f. Is k a composite number?
True
Let a(c) = -c**3 - 5*c**2 + 15*c + 9. Let n be (-2)/4*(-8)/(-2) - 5. Let o be a(n). Suppose -3*k + 272 + 599 = -o*i, i = -5. Is k a prime number?
False
Let y be (6/(-3))/(21/33978). Let c be (1 - 3)/((-4)/9290). Let t = y + c. Is t composite?
False
Let v = 88137 - 37195. Suppose 22*q - v = 114256. Is q a prime number?
False
Suppose 4*u - 6*u + 42 = -4*k, 0 = -4*k - 2*u - 30. Let v(f) = 89*f**2 - 20*f - 62. Is v(k) prime?
False
Let g(r) = 166*r - 113 - 8*r - 22*r. Is g(16) a prime number?
True
Suppose 0 = 5*v + 529 + 16. Let c = -319 - v. Let h = -113 - c. Is h a composite number?
False
Let t = 124803 + -51944. Is t composite?
False
Let p be 28/(-154) - (-1)/(22/334). Suppose 0 = -p*q + 8384 + 10321. Is q prime?
False
Let z(p) = -43 - 16*p + 0 - 123*p + 31*p. Let s be z(-17). Is (s - -1) + 2/2 prime?
False
Let m = 16274 - 3503. Suppose m = 3*p - 3222. Is p composite?
True
Suppose 0 = 2*b - 3*h + 4, b + 1 - 9 = -h. Suppose 2*g + 6771 = -b*a + 5*a, -a + 3*g = -6772. Is a a prime number?
False
Let u = -16145 - -69480. Is u a composite number?
True
Let n(p) = 23312*p**2 - 298*p - 7. Is n(3) composite?
False
Let m = 209752 - -151783. Is m a composite number?
True
Suppose 2707660 = 8*k - 18*k + 30*k. Is k a prime number?
False
Let q(a) = -2597*a - 73. Suppose 21*p - 25*p = -5*v + 11, v + 5 = -p. Is q(p) composite?
True
Let h(f) = -3096*f - 20. Let p(i) = 3097*i + 19. Let c(d) = -4*h(d) - 5*p(d). Is c(-6) prime?
False
Let p(h) be the second derivative of -h**4/12 + h**3/2 + 364*h**2 + 18*h. Let r be p(0). Let m = 645 + r. Is m prime?
True
Suppose -22395 = -4*t + 2*s - s, -2*t + 11215 = 3*s. Suppose -12*d + 22508 - t = 0. Is d prime?
True
Suppose -5*v = -0*v + d + 227, -4*d - 188 = 4*v. Let a = v + 49. Let h = a - -669. Is h a prime number?
True
Let j be (-202)/3 + (-4)/(-12). Suppose -2*n + 128 = 4*g + 34, -n + g = -53. Let p = n - j. Is p a composite number?
True
Let l(h) be the second derivative of -83*h**5/20 + h**4/12 - 8*h**3/3 - 3*h**2/2 - 32*h + 3. Is l(-4) composite?
True
Let c(o) = o**3 + 13*o**2 - 14*o. Let w be c(-14). Suppose 3*v + 26 - 239 = w. Is v prime?
True
Let g(p) = -330711*p + 278. Is g(-1) a prime number?
False
Suppose 29*f + 18 - 18 = 0. Is (723 + f)*(-17)/(-3) composite?
True
Let y(v) = -33*v - 148. Let j be y(-4). Is (4 - (-104)/j)*(-12344)/10 a prime number?
False
Suppose -j - 341491 = -q, 4*q - 2*j = 1900493 - 534529. Is q composite?
False
Let u = 271107 + -159454. Is u a composite number?
False
Let n = 32765 + -7758. Is n a composite number?
True
Suppose -3 + 3 = 4*u. Is 21618/4 + (u - (-6)/(-4)) prime?
False
Let p = -67 + 70. Suppose -p*t = 3*o - 21567, -o + 5*t + 5980 = -1197. Is o a prime number?
True
Let g(j) = -23*j**3 + j**2 - j - 1. Let t be g(-1). Suppose t*w = 12*w + 47748. Is w a composite number?
True
Suppose j - 2*r = -j + 184, 2*j = 3*r + 189. Let p = j + -83. Suppose h = -2*h + p*b + 7453, 3*b = 3*h - 7455. Is h a prime number?
False
Is ((-1439604)/(-45))/(28/(-42)*9/(-15)) a composite number?
True
Suppose 0 = -l + 303 + 133. Suppose l = -g + 48. Let f = 695 + g. Is f composite?
False
Suppose -p - 9 = -2*h - 14, -p + 4*h = -5. Is -4748*p/(-40)*2 a prime number?
True
Let u(v) = 5*v - 23. Let w be u(7). Suppose -w*g - 29 = 19. Is 15472/16 + g/(-2) - -2 a composite number?
False
Suppose -5*v + 1160359 = -16*g + 13*g, -3*v - 3*g = -696225. Is v a prime number?
True
Let a = 50 + -50. Suppose -2715 = 3*d + 5*h, 0 = -a*d - d + 2*h - 894. Let w = d - -3667. Is w a composite number?
False
Suppose 0*t = -2*t. Suppose -2*w + 3*s = -1704, -s - 1 = 1. Suppose 0 = v - 4*h - 203, t = -5*v - 5*h + 66 + w. Is v composite?
True
Let x = -41 + 39. Let y be (1*x)/((-18)/140607). Suppose -5*r + 19536 = -d, 0*d - y = -4*r - 5*d. Is r a prime number?
True
Suppose 0 = 5*b - 4*j - 31, -4*b + b = 3*j + 3. Suppose -4 + 2 = z, 0 = -2*w - z + 3358. Is w/3 - b - 0 prime?
True
Suppose 5*j = 3527 - 637. Suppose j*v = 569*v + 166653. Is v a composite number?
False
Suppose 261038508 = -130*f + 558*f + 83995880. Is f a composite number?
True
Let u(a) = 3*a - 16. Let g be u(6). Suppose -3*z - 7 = -g*f, -2*f - 2 = z - 5. Is (f/(-6) - 0)*-921 a composite number?
False
Suppose -5*a + 4*n + 72 = -58, 3*n = 2*a - 52. Suppose a*y - 165 = 9767. Is y composite?
True
Suppose 5*x = 11*x - 397462 - 119654. Is x a composite number?
True
Suppose h = -3*p + p + 11, -5*p = -3*h - 11. Suppose 2*o - 11130 = -p*x, -4*o + 22220 = 16*x - 18*x. Is o composite?
False
Suppose -29*s + 32*s - 796995 = -4*g, 5*g = 30. Is s composite?
True
Let l = 26686 - 22737. Is l a prime number?
False
Suppose 0 = -12*f + 244161 + 212898 + 6489. Is f composite?
False
Suppose -b - 3*h + 1702 = -5*h, 0 = -3*b + 3*h + 5097. Let p be 558/(-1 - 8/(-6)). Suppose -2*c + b = -p. Is c a composite number?
True
Suppose 10163996 = 179*m - 7*m. Is m composite?
False
Suppose 6*t + 16951 = j, -3*t = -2*j - 7*t + 33934. Is j composite?
False
Let h = -96496 + 162581. Is h composite?
True
Suppose -5*c + 241 = 3*n, 0 = 2*c - n - 4*n - 115. Let g = c + -46. Suppose 7*q - 753 = g*q. Is q composite?
False
Let g be 11 - 13 - (1 - 25). Suppose 2*m + 14 = g. Suppose -4*f + 4*x + 467 = -5, -x + 487 = m*f. Is f composite?
True
Suppose -254 = 4*o + 2210. Suppose 5*n - 7857 = -2*j, n + 5*j = -4*n + 7860. Let q = n + o. Is q composite?
True
Let u(a) = 1115*a - 190. Is u(7) a prime number?
False
Let q be 8600*((9 - 6) + -1) - -2. Suppose 0 = -2*w - 2*r + 11456, 0 = -3*w + 8*r - 5*r + q. Is w prime?
False
Let b(n) = n**3 - 7*n**2 + 4*n + 17. Let x be b(7). Suppose 0 = -41*q + x*q - 10012. Is q prime?
True
Suppose 10 = b - 31. Let r = 459 + -452. Suppose 0 = t + 3*n - r*n - b, -52 = -2*t + 2*n. Is t composite?
True
Suppose -29*k - 183087 = -30*k + 2*c, 5 = 5*c. Is k prime?
True
Suppose 11379310 = 117*v - 293437 - 5236444. Is v prime?
False
Let k = 638283 + -390454. Is k prime?
True
Let j = -33 - -35. Suppose 4*d = -p - 4*p + 2065, j*d = -4*p + 1646. Let h = p - -13. Is h prime?
False
Let r = 142 + 112. Suppose -623 = -b + r. Is b prime?
True
Let m(w) = 42*w - 38. Let j be m(1). Let b = 16 - 6. Suppose -5*g = b, -2*g - 263 - 121 = -j*f. Is f a composite number?
True
Let l(a) = 3*a**2 - 18*a - 3. Let i be l(6). Let f be i/(-7) - (165/21)/(-5). Suppose -f*b + 446 = 2*h - 6*b, -2*h + 3*